 remainder when 960 is divided by 947?
13
Calculate the remainder when 12614 is divided by 6250.
114
What is the remainder when 3972 is divided by 305?
7
What is the remainder when 664449 is divided by 274?
273
What is the remainder when 1020239 is divided by 130?
129
Calculate the remainder when 17792 is divided by 224.
96
What is the remainder when 23957 is divided by 1135?
122
Calculate the remainder when 105290 is divided by 984.
2
Calculate the remainder when 7611 is divided by 119.
114
What is the remainder when 17954 is divided by 171?
170
Calculate the remainder when 1263438 is divided by 79.
70
Calculate the remainder when 143167 is divided by 5113.
3
Calculate the remainder when 57881 is divided by 499.
496
Calculate the remainder when 22318 is divided by 2479.
7
What is the remainder when 20743 is divided by 253?
250
What is the remainder when 4340137 is divided by 81?
76
Calculate the remainder when 43242 is divided by 14343.
213
Calculate the remainder when 51253 is divided by 255.
253
What is the remainder when 9607 is divided by 3201?
4
What is the remainder when 11846 is divided by 493?
14
Calculate the remainder when 398113 is divided by 657.
628
What is the remainder when 286566 is divided by 286562?
4
Calculate the remainder when 783 is divided by 244.
51
Calculate the remainder when 8682 is divided by 8572.
110
Calculate the remainder when 835 is divided by 639.
196
Calculate the remainder when 122211 is divided by 91.
89
Calculate the remainder when 3205 is divided by 264.
37
What is the remainder when 95113 is divided by 40?
33
Calculate the remainder when 18343 is divided by 8556.
1231
Calculate the remainder when 58343 is divided by 180.
23
What is the remainder when 608331 is divided by 43452?
3
Calculate the remainder when 37535 is divided by 17.
16
Calculate the remainder when 408196 is divided by 26.
22
Calculate the remainder when 245957 is divided by 44.
41
Calculate the remainder when 81077 is divided by 693.
689
What is the remainder when 964173 is divided by 379?
376
Calculate the remainder when 500265 is divided by 324.
9
Calculate the remainder when 11794 is divided by 86.
12
Calculate the remainder when 13186 is divided by 4184.
634
What is the remainder when 6284 is divided by 170?
164
What is the remainder when 359219 is divided by 60?
59
Calculate the remainder when 9681 is divided by 64.
17
Calculate the remainder when 40161 is divided by 1825.
11
Calculate the remainder when 52294 is divided by 4018.
60
Calculate the remainder when 8348 is divided by 119.
18
Calculate the remainder when 116609 is divided by 38867.
8
What is the remainder when 16867 is divided by 891?
829
Calculate the remainder when 7996 is divided by 31.
29
Calculate the remainder when 212068 is divided by 211970.
98
What is the remainder when 2904841 is divided by 579?
577
What is the remainder when 4871 is divided by 303?
23
Calculate the remainder when 7651 is divided by 360.
91
What is the remainder when 2674 is divided by 150?
124
What is the remainder when 10543 is divided by 479?
5
Calculate the remainder when 1075037 is divided by 989.
983
What is the remainder when 2692 is divided by 180?
172
Calculate the remainder when 20028 is divided by 34.
2
What is the remainder when 228541 is divided by 284?
205
What is the remainder when 45698 is divided by 6526?
16
What is the remainder when 149954 is divided by 102?
14
Calculate the remainder when 47100 is divided by 23549.
2
Calculate the remainder when 11401 is divided by 5680.
41
Calculate the remainder when 9171 is divided by 155.
26
Calculate the remainder when 97560 is divided by 43.
36
Calculate the remainder when 751713 is divided by 532.
529
What is the remainder when 751944 is divided by 1984?
8
Calculate the remainder when 1975 is divided by 973.
29
What is the remainder when 31773 is divided by 24?
21
Calculate the remainder when 2386 is divided by 2375.
11
Calculate the remainder when 2924 is divided by 1425.
74
What is the remainder when 3554 is divided by 117?
44
What is the remainder when 8987 is divided by 14?
13
What is the remainder when 444872 is divided by 35?
22
What is the remainder when 758984 is divided by 929?
920
Calculate the remainder when 4583 is divided by 71.
39
What is the remainder when 183016 is divided by 1064?
8
Calculate the remainder when 57919 is divided by 463.
44
Calculate the remainder when 32592 is divided by 4073.
8
Calculate the remainder when 139486 is divided by 16.
14
Calculate the remainder when 14499 is divided by 199.
171
What is the remainder when 68500 is divided by 34244?
12
Calculate the remainder when 3101 is divided by 447.
419
What is the remainder when 94724 is divided by 1691?
28
Calculate the remainder when 14536 is divided by 173.
4
Calculate the remainder when 13857 is divided by 307.
42
What is the remainder when 2253 is divided by 73?
63
What is the remainder when 346124 is divided by 71?
70
What is the remainder when 238476 is divided by 1411?
17
What is the remainder when 10282 is divided by 2565?
22
What is the remainder when 7820 is divided by 190?
30
Calculate the remainder when 209275 is divided by 34.
5
Calculate the remainder when 13451 is divided by 481.
464
Calculate the remainder when 178907 is divided by 5.
2
What is the remainder when 5173 is divided by 858?
25
What is the remainder when 146155 is divided by 949?
9
Calculate the remainder when 470794 is divided by 220.
214
What is the remainder when 916 is divided by 605?
311
Calculate the remainder when 144188 is divided by 586.
32
What is the remainder when 2671 is divided by 1505?
1166
Calculate the remainder when 957 is divided by 69.
60
What is the remainder when 79463 is divided by 1006?
995
Calculate the remainder when 109621 is divided by 71.
68
Calculate the remainder when 13404 is divided by 275.
204
What is the remainder when 3037 is divided by 778?
703
Calculate the remainder when 2845 is divided by 637.
297
Calculate the remainder when 6258 is divided by 65.
18
What is the remainder when 89879 is divided by 40?
39
What is the remainder when 63810 is divided by 9113?
19
What is the remainder when 19288 is divided by 963?
28
Calculate the remainder when 69460 is divided by 23153.
1
What is the remainder when 140631 is divided by 80?
71
Calculate the remainder when 722 is divided by 254.
214
What is the remainder when 530 is divided by 20?
10
Calculate the remainder when 8955 is divided by 8430.
525
Calculate the remainder when 53574 is divided by 5951.
15
Calculate the remainder when 1368874 is divided by 67.
64
Calculate the remainder when 1912978 is divided by 478243.
6
Calculate the remainder when 3251 is divided by 784.
115
What is the remainder when 16199 is divided by 8081?
37
What is the remainder when 633693 is divided by 32?
29
What is the remainder when 3492 is divided by 184?
180
Calculate the remainder when 52620 is divided by 98.
92
Calculate the remainder when 88271 is divided by 8.
7
Calculate the remainder when 736 is divided by 26.
8
What is the remainder when 2189 is divided by 1035?
119
What is the remainder when 13346 is divided by 2065?
956
Calculate the remainder when 91075 is divided by 22757.
47
What is the remainder when 3183 is divided by 958?
309
Calculate the remainder when 17447 is divided by 17093.
354
What is the remainder when 4841 is divided by 781?
155
Calculate the remainder when 13866 is divided by 227.
19
Calculate the remainder when 9690 is divided by 133.
114
What is the remainder when 3952 is divided by 1632?
688
Calculate the remainder when 4966 is divided by 119.
87
What is the remainder when 64588 is divided by 11?
7
Calculate the remainder when 3638 is divided by 890.
78
What is the remainder when 2082 is divided by 210?
192
What is the remainder when 148328 is divided by 526?
522
What is the remainder when 10824 is divided by 3586?
66
Calculate the remainder when 11536 is divided by 501.
13
Calculate the remainder when 526694 is divided by 380.
14
Calculate the remainder when 64828 is divided by 32392.
44
What is the remainder when 4271 is divided by 334?
263
What is the remainder when 17079 is divided by 117?
114
Calculate the remainder when 11022 is divided by 2743.
50
What is the remainder whe